rs of j(7).
229
Let a = -53 + 244. List the prime factors of a.
191
Let v be (-6)/4*64/(-24). Suppose 0*j + 4*j = 28. Suppose -s + 54 = v*o, 3*o = -5*s + 56 - j. List the prime factors of o.
13
Let p be 20/6*30/25. Suppose p*t = 4*u - 28, -2*u + 6*u - t - 19 = 0. Suppose -f - u*f + 3*r = -140, -3*r + 170 = 5*f. List the prime factors of f.
31
Let m(c) = c**2 + 4*c + 3. Let j be m(-4). Suppose 2*i + 5*t - 6 = 0, t = 4*i - j*t - 12. Suppose -2*z - 22 = -i*z. List the prime factors of z.
2, 11
List the prime factors of (2313/12)/(2/32).
2, 3, 257
Let b = -33 + 23. Let i(g) be the second derivative of -g**4/12 - 5*g**3/3 + 7*g**2 + g. List the prime factors of i(b).
2, 7
Suppose 0 = j - 1, -3*k + 7*k - 3*j - 7733 = 0. What are the prime factors of k?
2, 967
Let u(m) = -61*m**3 + 17*m**2 + 12*m + 14. List the prime factors of u(-3).
2, 7, 127
Suppose 47*t + 2*q + 2240 = 48*t, 5*t - 11191 = q. What are the prime factors of t?
2, 3, 373
Let z = 24 - 41. Let l = -15 - z. Suppose -l*v + 4*v = -5*t + 142, 2*v - 30 = -t. List the prime factors of t.
2, 7
Suppose 0 = 18*f + 3*f - 13566. What are the prime factors of f?
2, 17, 19
Let f(j) = -j**3 + 7*j**2 + 9*j + 16. Let l be ((-3)/(-6))/(2/32). Let a be f(l). List the prime factors of ((-1)/(-2))/(4/a).
3
Suppose -6*x + x = -5160. Suppose 0 = 4*t + 2*d - x, 3*d + 45 + 199 = t. What are the prime factors of t?
2
Suppose -5872 = -5*b + 3*j, -3*j + 3504 = 6*b - 3*b. What are the prime factors of b?
2, 293
Let p(x) = -x - 10. Let u be p(-12). Let v be 2 - (-1*4 - u). What are the prime factors of 30*v/12*1?
2, 5
Suppose 319*q - 311*q - 6896 = 0. List the prime factors of q.
2, 431
Let o(y) = 12*y + 8. Let c be o(4). Let l be (c/(-12))/(4/(-6)). Suppose -l = -2*x + 9. What are the prime factors of x?
2
Suppose 25529 + 32136 = 19*j. List the prime factors of j.
5, 607
Suppose -966 = -h + 4*i, 0*h - 1920 = -2*h - 4*i. What are the prime factors of h?
2, 13, 37
Let k = -515 + 895. List the prime factors of k.
2, 5, 19
Let k(g) = 3*g**2 + 6*g - 8. Let f(z) be the first derivative of -z**3 - 5*z**2/2 + 8*z + 2. Let r(t) = -3*f(t) - 2*k(t). List the prime factors of r(-4).
2, 7
Suppose -2*x - 5*i + 4*i = -39, 0 = 2*i + 6. List the prime factors of (x - (1 + -1)) + 0/6.
3, 7
List the prime factors of (20175/(-126) + 12/(-72))*-21.
2, 3, 11, 17
Suppose 4*k - 4*m = 2996, 0 = 2*k - 11*m + 16*m - 1519. List the prime factors of k.
2, 47
Suppose -2*u - 20 = -5*h, -u - 2*u = -4*h + 23. Let x(y) = -2*y**h - 5*y + 4*y**2 + 5 + 0. What are the prime factors of x(4)?
17
Suppose 2*x + 2*l = 4*x - 6, 2*l + 4 = x. Let u be (2 - -8)/(x/16). What are the prime factors of u/(-12)*(-18)/5?
2, 3
Suppose 0 = -25*h + 5697 + 703. List the prime factors of h.
2
Suppose 0 = -15*b + 17*b - 78. Suppose 3*v = -5*n - b + 281, 2*n + 4*v = 94. List the prime factors of n.
7
Let s be 6 + 0/((-9)/(-3)). Let p(m) = 18*m**3 + 2*m**2 - 3*m + 1. Let l be p(1). Suppose -2*o = -l - s. What are the prime factors of o?
2, 3
Let g(b) = -b**2 + 5*b + 5. Let c be g(6). Let v = 34 + c. What are the prime factors of v?
3, 11
What are the prime factors of 3579/7 - (-1 + (-72)/(-56))?
7, 73
Let n(z) = -z**3 + 5*z**2 - z + 2. Let q be n(4). Let g = q - 11. What are the prime factors of 39 - (-1)/g*-3?
2, 19
Suppose -5*r = 2*i - 2786, 655 = 2*r - 2*i - 465. List the prime factors of r.
2, 3, 31
Suppose -2*r - v = -934, -6*v - 2322 = -5*r - 2*v. What are the prime factors of r?
2, 233
Let f(u) = -53*u + 67. List the prime factors of f(-12).
19, 37
Let u(r) = r**3 - 3*r**2 - 6*r - 3. Let c be u(5). Let s be 110/385 - 4*51/(-21). Suppose -c*x + 15*x = -s. List the prime factors of x.
5
Let a(j) = 15*j - 9. Let t be a(6). Let v = t - 140. Let p = v - -88. List the prime factors of p.
29
Let l be -3 + (5 - 3)/(-1). Let s be l/((-75)/(-12))*5. List the prime factors of (30/(-8))/5*s.
3
Suppose -15 = 2*x + 3*k - 4, -5*x + 15 = -k. Suppose 0 = 5*b + u - 217, 3*b - x*b - 4*u - 56 = 0. List the prime factors of b.
2, 11
Let d = 310 - 481. Let l = d + 251. Suppose 0*j + 2*j = l. What are the prime factors of j?
2, 5
Suppose z = -m - 35, -5 = 3*z - 14. Suppose -2*h - 180 = -38. Let c = m - h. What are the prime factors of c?
3, 11
Let k = 73 + -53. What are the prime factors of ((16/6)/4)/(k/3210)?
107
List the prime factors of (-162)/324 + (-1 - (-7)/2).
2
Let b(c) = -15*c + 67. Let g(m) = -32*m + 134. Let w(f) = 7*b(f) - 3*g(f). List the prime factors of w(-19).
2, 7, 17
Let f be -1 - (-183)/((-3)/(-1)). Let j be (-30)/(-9)*(-3)/(-2). Suppose j*a - f = a. What are the prime factors of a?
3, 5
Let y = 490 - 273. Suppose 7*n - y = -0*n. List the prime factors of n.
31
Let p = 9 + -3. Let w = p - -2. List the prime factors of w.
2
Let w(x) = 1. Let v be 5*((-6)/3 - -3). Let m(i) = i - 2. Let g(d) = v*w(d) + 4*m(d). What are the prime factors of g(2)?
5
Let o(t) = 69*t - 15. Let g(b) = 70*b - 16. Let q(a) = -2*g(a) + 3*o(a). What are the prime factors of q(3)?
2, 47
Suppose 4*h + 3*a + a = 52, 2*a - 14 = -h. Suppose -3*t = -5*y + 2*y - 78, 3*y = -12. Let k = t - h. What are the prime factors of k?
2, 5
Let h = 35 + -15. Suppose -3*f = 4*o + h, 20 = 2*o - 4*o - 4*f. What are the prime factors of o/((-124)/(-44) - 3)?
11
Let m = -72 + 76. Let q = -6 + 6. Suppose m*k + 0 - 12 = q. What are the prime factors of k?
3
Let a be (-225)/(-27) - (-2)/(-6). Suppose 2*t + 9 = -u + 2*u, 0 = -4*u - 3*t - a. Suppose -11 = -4*m + u. What are the prime factors of m?
3
Let t = -44 - -143. Let k = -86 + t. List the prime factors of k.
13
Let l(y) be the third derivative of y**6/120 - 11*y**5/60 + 2*y**4/3 - 5*y**3/2 - 5*y**2. What are the prime factors of l(10)?
3, 5
Suppose -22*k - 4637 + 21445 = 0. List the prime factors of k.
2, 191
Suppose 31 = -6*w - 41. Let k(l) = l**3 + 12*l**2 - 2*l - 3. Let n be k(w). Let a = -17 + n. List the prime factors of a.
2
List the prime factors of 1973 - (1 + (-10 - 1)).
3, 661
Suppose -64 = -7*y - 414. Let c = y + 89. List the prime factors of c.
3, 13
Suppose 3*s - 1823 - 1528 = 0. List the prime factors of s.
1117
Suppose -163 = -12*y + 4709. List the prime factors of y.
2, 7, 29
Let m = 6981 + -1298. List the prime factors of m.
5683
Let p(j) = 2*j**2 + 22*j - 2. What are the prime factors of p(-25)?
2, 349
Suppose -3*s - 2*k + 920 = -39, s - 2*k - 333 = 0. Let w = s - 190. List the prime factors of w.
7, 19
What are the prime factors of (-38)/5*(-1520)/16?
2, 19
Let a = 2061 + -657. List the prime factors of a.
2, 3, 13
Suppose -3*z + 5518 + 2200 = 2*b, 5*z = 2*b + 12874. What are the prime factors of z?
2, 3, 11, 13
Let y be (2 + (-2)/4)*(-16)/(-6). Suppose 0 = 5*b + g - 407, -b + 0*g + 89 = y*g. List the prime factors of b.
3
Let y be 4/18 - 75/(-27). Suppose 0 = 2*i + 2*i - 12. Suppose 5*q - 65 = -y*z, -5*q = z + i*z - 90. What are the prime factors of z?
5
Let v(r) = -25 - 7*r - 13*r - 3*r. What are the prime factors of v(-6)?
113
Let q = 193 + -70. Let f = -2 + 2. Suppose 8*x - 5*x - q = f. What are the prime factors of x?
41
Let z(t) = -135*t - 2. Let f be z(-3). Let s = -278 + f. List the prime factors of s.
5
Let k be (16/(-20))/(1/(-5)). Suppose 2497 = k*z + 7*z. What are the prime factors of z?
227
Suppose 5*b + 2 + 8 = 0. What are the prime factors of 41 + 0 + 6 + b?
3, 5
List the prime factors of 21982/29 - (-1 - -1 - -1).
757
Let b be -8 - (2 - 1 - 0). List the prime factors of 12/54 + (-250)/b.
2, 7
Let p(r) = -7*r - 11. Let a(i) = i**3 - 9*i**2 - 2*i + 11. Suppose 2*j - 3*u = 9, -2*j - 2*u + 30 = 2*u. Let c be a(j). List the prime factors of p(c).
2, 19
Let l(m) = -m**3 + 2*m**2 + 6*m. Suppose -25 = 27*x - 22*x. List the prime factors of l(x).
5, 29
Suppose 4*s + 3433 = 3*c, -4*s = 6*c - 7*c + 1155. List the prime factors of c.
17, 67
Let n(f) = -8*f**3 + 4*f**2 + 7*f + 5. Let a be n(-2). What are the prime factors of a - -1*(3 + -2)?
2, 3
Let k(u) = 9*u**2 + 19*u - 5. Let z(p) = -3*p**2 - 6*p + 2. Let o(f) = -2*k(f) - 7*z(f). What are the prime factors of o(3)?
5, 7
Let v(a) = a**2 + 3 - 2*a**2 + 14*a - 16*a. Let s be v(-3). Suppose p - 31 = -2*r, s*p + 32 = 4*r - 4*p. What are the prime factors of r?
13
Let q = 133 - -31. List the prime factors of q.
2, 41
Suppose -10 + 1 = -3*v. What are the prime factors of (-2 - v - -2) + 285/3?
2,